119835919981 a prime number?
True
Is 140201701 a prime number?
True
Is 85999160789 composite?
True
Is 5665228241 composite?
False
Is 73360829485 a composite number?
True
Is 1251806999 composite?
False
Is 1568819639 a prime number?
False
Is 156017200901 prime?
False
Is 9244489853 a prime number?
False
Is 6050772233 composite?
True
Is 2556943 composite?
False
Is 18477698929 a prime number?
True
Is 305798419 a prime number?
True
Is 3244270019 prime?
True
Is 1223739565 a composite number?
True
Is 10562155915 a composite number?
True
Is 3081439249 a prime number?
False
Is 341290631 prime?
False
Is 64937827 a prime number?
True
Is 29554725371 a prime number?
False
Is 2861062409 composite?
True
Is 36738076211 a composite number?
False
Is 559230767 prime?
True
Is 1407200623 a prime number?
False
Is 3235624813 prime?
True
Is 16962349681 composite?
True
Is 63287563 a prime number?
True
Is 19955106071 composite?
True
Is 69864477581 prime?
True
Is 204951068717 prime?
True
Is 7072426687 a prime number?
True
Is 7732972327 a composite number?
False
Is 26663142781 a prime number?
False
Is 973621037 composite?
False
Is 8533410877 composite?
False
Is 17781673939 a prime number?
False
Is 585536779 a composite number?
True
Is 30178064773 prime?
False
Is 75149773219 a composite number?
False
Is 116958389 prime?
False
Is 1823400757 a composite number?
False
Is 16853680087 a composite number?
False
Is 1394866951 a composite number?
True
Is 92833632109 prime?
True
Is 49053031 a composite number?
False
Is 2217109241 a prime number?
True
Is 66080863 a composite number?
True
Is 60925957 prime?
True
Is 322664359 prime?
False
Is 24311025169 prime?
True
Is 548663638 composite?
True
Is 467647711 a composite number?
False
Is 33378682321 a prime number?
True
Is 29761003 composite?
False
Is 7761070963 a prime number?
False
Is 122823249001 a prime number?
True
Is 10999556959 prime?
True
Is 3066490061 a prime number?
True
Is 1692832997 a composite number?
False
Is 202110703 composite?
True
Is 1315243234 a composite number?
True
Is 2490528877 a prime number?
False
Is 102647278313 composite?
False
Is 3681588539 a prime number?
True
Is 147108318659 prime?
True
Is 3221997211 composite?
True
Is 18112880521 prime?
True
Is 379031251 a prime number?
True
Is 4653314971 a prime number?
False
Is 113623847 prime?
True
Is 91985217283 prime?
False
Is 37518051749 composite?
True
Is 5153266649 a composite number?
True
Is 252562441 composite?
True
Is 74452199 composite?
False
Is 139912255031 prime?
False
Is 422461547 composite?
True
Is 123251324123 prime?
True
Is 8666431093 a prime number?
True
Is 7186869229 prime?
False
Is 32618883471 a composite number?
True
Is 285681133 prime?
False
Is 16377889343 prime?
False
Is 20981219971 composite?
True
Is 9707939039 a composite number?
False
Is 143661317 prime?
True
Is 912151241 composite?
False
Is 3298086739 prime?
True
Is 13377705403 prime?
True
Is 2098110161 composite?
True
Is 528978469 a prime number?
True
Is 1353115369 a composite number?
True
Is 56879514491 composite?
True
Is 4804896797 a prime number?
True
Is 541844231 prime?
False
Is 2516010037 prime?
True
Is 33383155217 a composite number?
False
Is 339981989 a composite number?
False
Is 438609991 composite?
False
Is 827839993 prime?
False
Is 13024778183 composite?
False
Is 12837135121 prime?
True
Is 23991289 a prime number?
False
Is 330650339 a composite number?
False
Is 7349306959 composite?
False
Is 536056231 a composite number?
False
Is 45095363347 composite?
False
Is 655883185 prime?
False
Is 22181984873 prime?
False
Is 4865608757 a composite number?
False
Is 6728941837 a prime number?
True
Is 2194430671 prime?
True
Is 112273673 composite?
False
Is 18586303861 prime?
False
Is 573403097 a prime number?
False
Is 25329603923 a composite number?
True
Is 2901811501 prime?
True
Is 4282725167 a prime number?
False
Is 15532592899 composite?
False
Is 6500261801 composite?
True
Is 19947061307 a composite number?
False
Is 12870241301 prime?
True
Is 17753012171 a prime number?
True
Is 649288771 composite?
True
Is 637592773 prime?
True
Is 76410127 a prime number?
True
Is 3983072631 composite?
True
Is 12657394157 prime?
True
Is 141689663 a composite number?
False
Is 33599337853 a composite number?
True
Is 3888585199 a prime number?
False
Is 15167798353 prime?
True
Is 23128611733 composite?
True
Is 35582891977 a composite number?
True
Is 16440390931 prime?
True
Is 14507027543 composite?
True
Is 5026523191 composite?
False
Is 1133883173 composite?
True
Is 208529274709 a composite number?
True
Is 121300117999 composite?
True
Is 1036599439 prime?
True
Is 28328334689 a prime number?
False
Is 18082909909 a prime number?
True
Is 8931077963 a prime number?
True
Is 32587721213 a prime number?
True
Is 4867870451 a composite number?
False
Is 564505843 prime?
False
Is 85970881783 prime?
True
Is 6890466607 prime?
True
Is 3752835899 composite?
False
Is 85440639 prime?
False
Is 10612917911 a composite number?
True
Is 298814143 composite?
False
Is 359935861 prime?
True
Is 881665691 a composite number?
False
Is 202670801 a composite number?
False
Is 3556465559 prime?
False
Is 115265626513 a composite number?
False
Is 1146211609 composite?
False
Is 46777672433 prime?
False
Is 49096062329 composite?
False
Is 6004510777 composite?
True
Is 3651005437 a prime number?
False
Is 5360970331 a prime number?
False
Is 117655604723 a composite number?
False
Is 1793567927 prime?
False
Is 230196089 composite?
False
Is 13529459677 a composite number?
True
Is 424944721 a composite number?
False
Is 498141827 a prime number?
True
Is 384156317 a composite number?
False
Is 49314171707 prime?
False
Is 680028949 composite?
True
Is 46508269 composite?
True
Is 77124094583 a composite number?
False
Is 56195363179 composite?
True
Is 7432062359 composite?
True
Is 545861273 composite?
False
Is 3071657821 a composite number?
False
Is 26829260867 a composite number?
True
Is 1168958293 a prime number?
True
Is 6308658253 composite?
False
Is 280352759 prime?
False
Is 14695244243 composite?
True
Is 46543293613 composite?
True
Is 20193173873 prime?
True
Is 740696009 a prime number?
True
Is 26855187101 prime?
True
Is 25048478863 a composite number?
True
Is 21302725271 a prime number?
False
Is 21363900043 a prime number?
True
Is 609567433 composite?
False
Is 105940565483 prime?
False
Is 2459689567 a composite number?
False
Is 2873688803 composite?
True
Is 2689476787 composite?
False
Is 1283130799 a composite number?
False
Is 23609627 composite?
False
Is 2509350377 composite?
False
Is 2716925521 a prime number?
True
Is 1896774277 a composite number?
True
Is 133693531 a prime number?
True
Is 114922741 a prime number?
False
Is 3771334487 a composite number?
True
Is 399993227 a composite number?
False
Is 1013021903 prime?
False
Is 10250488247 prime?
True
Is 19789670501 a prime number?
True
Is 673662371 a prime number?
False
Is 40406031269 composite?
True
Is 7833408551 a prime number?
True
Is 114545849134 composite?
True
Is 181901869 a prime number?
False
Is 1697225599 a prime number?
True
Is 7091754533 a prime number?
True
Is 49196110211 a prime number?
False
Is 1700463497 composite?
False
Is 3218303765 a composite number?
True
Is 26134621949 a composite number?
True
Is 31434245201 a composite number?
False
Is 88097279701 composite?
False
Is 13522184141 prime?
True
Is 655771673 composite?
True
Is 267443999 a prime number?
True
Is 1032649987 a prime number?
False
Is 226652021 a prime number?
False
Is 900929087 composite?
True
Is 7115715053 composite?
False
Is 3637044121 prime?
True
Is 307616019 a composite number?
True
Is 13350676159 a composite number?
True
Is 525467171 prime?
True
Is 155299663943 a prime number?
False
Is 58510201 prime?
True
Is 25671399347 prime?
False
Is 2646113579 prime?
True
Is 4991492279 composite?
False
Is 1591480853 prime?
False
Is 58804454607 composite?
True
Is 41681574533 a composite number?
True
Is 188518607 a composite number?
False
Is 30465190807 prime?
False
Is 55081045247 prime?
True
Is 3086338601 composite?
True
Is 873213493 composite?
True
Is 13274401643 prime?
True
Is 15569732471 a prime number?
True
Is 1253142497 a composite number?
True
Is 1657942919 a prime number?
True
Is 3344051962 a prime number?
False
Is 399733567 a c